te the remainder when 50/i*8/10 is divided by 3.
1
Let t = 217 + -83. Calculate the remainder when t is divided by 102.
32
Suppose -10*s + 5*s + 25 = 0, -3*s = -5*v + 90. Calculate the remainder when 93 is divided by v.
9
Let i(a) = -a**3 + 5*a**2 + 6*a - 8. Let m be i(6). Let o = -3 - m. Let g = 15 - o. Calculate the remainder when g is divided by 3.
1
Let g(z) = 8*z**2 + 4*z. What is the remainder when g(2) is divided by 27?
13
Let r(l) = -l + 3. What is the remainder when ((-483)/46)/((-3)/2) is divided by r(1)?
1
Let k(r) = -r**3 - 11*r**2 - 12*r - 15. Calculate the remainder when 79 is divided by k(-10).
4
Suppose 0 = -2*b + b + 21. Let h(t) = -t**2 - 9*t. What is the remainder when b is divided by h(-8)?
5
Let c(d) = 4*d**2 - d + 4. Let q be c(4). Suppose 5*h = 3*y - 79, 5*y - 75 = h + q. Calculate the remainder when 54 is divided by y.
26
Suppose -7*n = -3*n - 4. Suppose -x + n + 1 = 0. What is the remainder when 8/(-20) - ((-72)/(-5))/(-6) is divided by x?
0
Let u(b) = 23*b + 105. Calculate the remainder when u(10) is divided by 13.
10
Let y be (-20)/(-8)*4/2. Suppose -y*a - 6 = 3*m, -2*a - 5*m - 10 = a. Suppose -3*q + 177 - 54 = a. Calculate the remainder when q is divided by 14.
13
What is the remainder when 43 is divided by (-8)/48 - (-79)/6?
4
Let d = -11 - -8. Let m be 169*(-10 + 11) - -1. What is the remainder when 31 is divided by m/15*d/(-2)?
14
Let g(t) = -6*t**2 + 2*t**2 + 2 + 5*t**2. Calculate the remainder when g(-3) is divided by 5.
1
Let u(n) = n - 5. Let v be u(5). Suppose v = 10*a - 7*a - 15. Suppose -o = l - 2*o - 10, l - 10 = -a*o. What is the remainder when 27 is divided by l?
7
Let q = 191 - 137. What is the remainder when 105 is divided by q?
51
Suppose 4*s = -4*a + 136, -2*s - 46 = -4*a + 114. Suppose 0 = -y - 4*r + a, 0*y = -5*y + 5*r + 215. Calculate the remainder when y is divided by 15.
12
Suppose 0 = 8*k - 472 + 1496. Let m = k - -184. What is the remainder when m is divided by 10?
6
Suppose -h + 15 + 2 = 0. Let k = h + -15. Suppose 7*d = k*d + 95. Calculate the remainder when 75 is divided by d.
18
Let h = -24 - -40. Suppose 2*u + 14 = -5*n, 3*n = -0*n - 3*u - 3. Let z(d) = d**3 + 4*d**2 - d + 5. What is the remainder when h is divided by z(n)?
7
Suppose 4*q + 352 = 15*q. Calculate the remainder when 189 is divided by q.
29
Let k = 42 - 29. Suppose 2*t - 39 = 5*g, -3*g + 0*g = 4*t - k. Calculate the remainder when 25 is divided by t.
4
Let h = -51 - -75. Calculate the remainder when 118 is divided by h.
22
Let c = 18 - 30. What is the remainder when 6 is divided by 3/(-4) + 3/c + 3?
0
Suppose 4*s - 12 + 48 = 4*b, -4*s = -3*b + 28. Let y(p) = 32 + 6*p - 71 + 7*p + p**3 - 8*p**2 + 32 - 3*p. What is the remainder when y(b) is divided by 25?
23
Let p(j) = -4*j - 5. Suppose -d - 3*b - 3 = -2*d, 4*b - 35 = -3*d. What is the remainder when p(-7) is divided by d?
5
Let i(d) = 5*d**2 - 116*d - 156. Let m(k) = k**2 - 29*k - 39. Let v(n) = 2*i(n) - 9*m(n). Calculate the remainder when 114 is divided by v(-29).
36
Let d(j) = -j**3 - 9*j**2 - 17*j - 4. Let a(y) = y**2 + 9*y - 3. Let l be a(6). What is the remainder when (l - 3/1) + -2 is divided by d(-7)?
14
Let j be (-11)/(-6) + -2*(-3)/36. Suppose -2*v + 30 = -v + j*k, -2*k + 10 = 0. What is the remainder when 38 is divided by v?
18
Let h(m) = -3*m + 11. What is the remainder when h(-6) is divided by (-5*4/40)/(2/(-24))?
5
Let z = 134 + -134. Suppose z = -7*m - 31 + 178. What is the remainder when m is divided by ((-6)/(-8))/(1/16)?
9
Suppose 23*d - 136 = 6*d. Calculate the remainder when 110 is divided by 24/d*56/6.
26
Let s be 3 - -1 - (-1 + 2). Suppose -48 = -3*h + s. What is the remainder when (-534)/(-16) + (-24)/64 is divided by h?
16
Suppose 19*q - 22*q + 34 = 5*a, 5*a + 44 = 3*q. Calculate the remainder when q is divided by 3.
1
Suppose 2*i - i = -3*i. Let y(g) = -2*g**3 - 2*g**2 + 3*g + 3. What is the remainder when y(-3) is divided by 1*(8 + 3 - i)?
8
What is the remainder when 499 is divided by (324/42)/((-66)/(-21) + -3)?
13
Suppose -3*t + 4*j + 21 - 4 = 0, 2*j = -t + 9. Calculate the remainder when 118 is divided by t.
6
Let i(r) = 2*r - 17. Let g be i(13). What is the remainder when 102 is divided by (-2 + 0)*(0 - g)?
12
Suppose 4*n = -17 + 365. Calculate the remainder when n is divided by 30.
27
Let r = -155 - -173. Let g = -8 + 41. What is the remainder when g is divided by r?
15
Suppose -2*k = 2*w - 34, 6*w + k = 10*w - 58. Let u = 12 - 7. Suppose -4*b + 233 = -u*y, 2*b = y + 3*y + 118. What is the remainder when b is divided by w?
12
Suppose -5*f = 5*n - 215, -f + 218 = 4*f + 2*n. Let c(j) = -j**3 + 8*j**2 - 15*j + 25. Calculate the remainder when f is divided by c(3).
19
Let n(m) = m**3 - 3*m**3 + 5*m**3 + 5*m**2 + 3 - 2*m**3 + 4*m. Suppose -4*v = -v + 9. What is the remainder when 33 is divided by n(v)?
6
Suppose d + 3 = 0, 4*d + 118 = -0*h + 2*h. Suppose 72*i = 77*i - 70. Calculate the remainder when h is divided by i.
11
Let j = -295 - -339. What is the remainder when 60 is divided by j?
16
Suppose 1921 = 9*x + 94. Calculate the remainder when x is divided by 84.
35
Suppose -3*y = -7*y + 92. Calculate the remainder when 40 is divided by y.
17
Suppose -3*x + 82 + 3 = 5*m, -m = 1. Calculate the remainder when (236/(-4))/(1 - 2) is divided by x.
29
Let h(g) = g**3 + 4*g**2 + 3*g + 3. Let z be h(-3). Suppose 0 = -z*y + 3*a, 2*y + y + a - 16 = 0. What is the remainder when y is divided by 4?
0
Suppose 4 = 18*s - 14. What is the remainder when 3/(-2)*2 + (33 - s) is divided by 16?
13
Let g(v) = v + 20. Calculate the remainder when g(7) is divided by 6/((-162)/(-507)) - (-6)/27.
8
Let w be (-3*2/4)/((-24)/32). Suppose w*t - 18 = -4. Calculate the remainder when t is divided by 3.
1
Let i be (-6)/(-27) - (686/9 + 2). Let a = i - -125. Calculate the remainder when a is divided by 10.
7
What is the remainder when 98 is divided by ((-9660)/(-27))/10 + 2/9?
26
Let c = 5971 - 5963. Suppose 25 = 5*d - 2*u, -2*d + 2 = u + 1. Suppose d*v + b - 78 = 16, 3*b + 59 = 2*v. Calculate the remainder when v is divided by c.
7
Let o = 2893 + -2881. Let z(q) = 33*q**2 + 2*q - 1. What is the remainder when z(1) is divided by o?
10
Suppose 2*m = 3*q + 20, -5*q + 5*m - 29 - 1 = 0. Let n(t) = -6*t + 18. Calculate the remainder when n(q) is divided by 326/14 + 2/(-7).
20
Let p(d) = d**2 + 4*d + 4. Let l be p(-10). Suppose -2*i - 6*i = -l. Calculate the remainder when i is divided by 5.
3
Let r(d) = -d**2 + 0*d**2 - 25*d + 5*d + 2*d - 3. Let k be r(-6). Suppose z - k = -5*o, 5*z - z - 55 = -3*o. Calculate the remainder when 36 is divided by o.
10
Suppose 4*x + 39 = -5. Let y(j) = j + 21. Calculate the remainder when y(x) is divided by 5.
0
Suppose 0 = -a + 5*a + 5*j - 165, -5*a + 190 = 3*j. Let v be 393/21 + 10/a. Let w = 22 - v. What is the remainder when 5 is divided by w?
2
Let k = 79 - 76. Suppose 0 = -c + 5*l + 11, 0*l = -k*l + 9. What is the remainder when 51 is divided by c?
25
Let q(k) = k - 2. Let o be q(4). Let i(g) = -g + 2. Let c be i(o). Suppose -4*a + 2 = 3*z - 1, c = -z - a + 1. What is the remainder when 1 is divided by z?
0
Let a = -164 + 293. What is the remainder when a is divided by 19?
15
Let j(m) = -m**2 + 11*m - 2. Let q be j(10). Suppose -20 = -2*h + q. What is the remainder when 55 is divided by h?
13
Suppose 2*p = 11 + 1. Suppose -4*a - 68 = -4*s - 0*a, -a = 5*s - 79. What is the remainder when p is divided by (-8)/10*(-40)/s?
0
Let n be ((-720)/(-28))/((-6)/(-63)). Suppose 5*x - 192 - 68 = 0. Suppose -k + n = 5*f + 4*k, 0 = -f + k + x. Calculate the remainder when f is divided by 28.
25
Let v be 1*9 + 1 + 17 + -20. Suppose -47 = -v*i - 12. What is the remainder when 18 is divided by i?
3
Suppose 4*v - 12 = 4*t, 6*v + 12 = 5*v + 4*t. Calculate the remainder when 836/16 + -3*(-2)/v is divided by 11.
9
What is the remainder when (-68)/(-85)*175/2 is divided by 22?
4
Let t(q) = -6*q + 33. Let c = -59 + 47. What is the remainder when t(c) is divided by 37?
31
Suppose 7*s - 821 + 261 = 0. Calculate the remainder when 797 is divided by s.
77
Let h be 23 - -30 - 0/1. Suppose -h*s = -46*s - 315. Calculate the remainder when 176 is divided by s.
41
Let i(h) = h**3 - 6*h**2 + 12*h + 1. Let d be i(5). Suppose 5*n - 4*v = d, 16 = 5*n - 2*v + 3*v. Calculate the 